{"id":617,"date":"2025-04-29T06:36:29","date_gmt":"2025-04-29T09:36:29","guid":{"rendered":"https:\/\/web.sanjuan.gob.ar\/cultura\/?page_id=617"},"modified":"2025-07-29T09:14:07","modified_gmt":"2025-07-29T12:14:07","slug":"novedades","status":"publish","type":"page","link":"https:\/\/web.sanjuan.gob.ar\/cultura\/novedades\/","title":{"rendered":"Novedades"},"content":{"rendered":"\t\t<div data-elementor-type=\"wp-page\" data-elementor-id=\"617\" class=\"elementor elementor-617\">\n\t\t\t\t\t\t<section class=\"elementor-section elementor-top-section elementor-element elementor-element-016d44c elementor-section-boxed elementor-section-height-default elementor-section-height-default\" data-id=\"016d44c\" data-element_type=\"section\" data-e-type=\"section\">\n\t\t\t\t\t\t<div class=\"elementor-container elementor-column-gap-default\">\n\t\t\t\t\t<div class=\"elementor-column elementor-col-100 elementor-top-column elementor-element elementor-element-e9cb51f\" data-id=\"e9cb51f\" data-element_type=\"column\" data-e-type=\"column\">\n\t\t\t<div class=\"elementor-widget-wrap elementor-element-populated\">\n\t\t\t\t\t\t<div class=\"elementor-element elementor-element-0f790fc elementor-widget elementor-widget-eael-breadcrumbs\" data-id=\"0f790fc\" data-element_type=\"widget\" data-e-type=\"widget\" data-widget_type=\"eael-breadcrumbs.default\">\n\t\t\t\t<div class=\"elementor-widget-container\">\n\t\t\t\t\t\t\t<div class=\"eael-breadcrumbs\">\n\t\t\t<div class=\"eael-breadcrumbs__content\"><a href=\"https:\/\/web.sanjuan.gob.ar\/cultura\">Inicio<\/a> <span class=\"eael-breadcrumb-separator\">\/<\/span> <span class = \"eael-current\">P\u00e1gina<\/span><\/div>\t\t<\/div>\n\t\t\t\t\t\t<\/div>\n\t\t\t\t<\/div>\n\t\t\t\t\t<\/div>\n\t\t<\/div>\n\t\t\t\t\t<\/div>\n\t\t<\/section>\n\t\t\t\t<section class=\"elementor-section elementor-top-section elementor-element elementor-element-3871b4a elementor-section-boxed elementor-section-height-default elementor-section-height-default\" data-id=\"3871b4a\" data-element_type=\"section\" data-e-type=\"section\">\n\t\t\t\t\t\t<div class=\"elementor-container elementor-column-gap-default\">\n\t\t\t\t\t<div class=\"elementor-column elementor-col-100 elementor-top-column elementor-element elementor-element-cff8ce1\" data-id=\"cff8ce1\" data-element_type=\"column\" data-e-type=\"column\">\n\t\t\t<div class=\"elementor-widget-wrap elementor-element-populated\">\n\t\t\t\t\t\t\t<\/div>\n\t\t<\/div>\n\t\t\t\t\t<\/div>\n\t\t<\/section>\n\t\t\t\t<section class=\"elementor-section elementor-top-section elementor-element elementor-element-ea3306a elementor-section-boxed elementor-section-height-default elementor-section-height-default\" data-id=\"ea3306a\" data-element_type=\"section\" data-e-type=\"section\">\n\t\t\t\t\t\t<div class=\"elementor-container elementor-column-gap-default\">\n\t\t\t\t\t<div class=\"elementor-column elementor-col-100 elementor-top-column elementor-element elementor-element-c144c23\" data-id=\"c144c23\" data-element_type=\"column\" data-e-type=\"column\">\n\t\t\t<div class=\"elementor-widget-wrap elementor-element-populated\">\n\t\t\t\t\t\t<div class=\"elementor-element elementor-element-dff0c5e elementor-widget-divider--view-line elementor-widget elementor-widget-divider\" data-id=\"dff0c5e\" data-element_type=\"widget\" data-e-type=\"widget\" data-widget_type=\"divider.default\">\n\t\t\t\t<div class=\"elementor-widget-container\">\n\t\t\t\t\t\t\t<div class=\"elementor-divider\">\n\t\t\t<span class=\"elementor-divider-separator\">\n\t\t\t\t\t\t<\/span>\n\t\t<\/div>\n\t\t\t\t\t\t<\/div>\n\t\t\t\t<\/div>\n\t\t\t\t\t<\/div>\n\t\t<\/div>\n\t\t\t\t\t<\/div>\n\t\t<\/section>\n\t\t\t\t<section class=\"elementor-section elementor-top-section elementor-element elementor-element-a6502e3 elementor-section-boxed elementor-section-height-default elementor-section-height-default\" data-id=\"a6502e3\" data-element_type=\"section\" data-e-type=\"section\">\n\t\t\t\t\t\t<div class=\"elementor-container elementor-column-gap-default\">\n\t\t\t\t\t<div class=\"elementor-column elementor-col-100 elementor-top-column elementor-element elementor-element-05d7ff3\" data-id=\"05d7ff3\" data-element_type=\"column\" data-e-type=\"column\">\n\t\t\t<div class=\"elementor-widget-wrap elementor-element-populated\">\n\t\t\t\t\t\t<div class=\"elementor-element elementor-element-793a4db elementor-grid-4 elementor-grid-tablet-2 elementor-grid-mobile-1 elementor-posts--thumbnail-top elementor-card-shadow-yes elementor-posts__hover-gradient elementor-widget elementor-widget-posts\" data-id=\"793a4db\" data-element_type=\"widget\" data-e-type=\"widget\" data-settings=\"{&quot;cards_columns&quot;:&quot;4&quot;,&quot;cards_row_gap&quot;:{&quot;unit&quot;:&quot;px&quot;,&quot;size&quot;:20,&quot;sizes&quot;:[]},&quot;pagination_type&quot;:&quot;numbers_and_prev_next&quot;,&quot;cards_columns_tablet&quot;:&quot;2&quot;,&quot;cards_columns_mobile&quot;:&quot;1&quot;,&quot;cards_row_gap_tablet&quot;:{&quot;unit&quot;:&quot;px&quot;,&quot;size&quot;:&quot;&quot;,&quot;sizes&quot;:[]},&quot;cards_row_gap_mobile&quot;:{&quot;unit&quot;:&quot;px&quot;,&quot;size&quot;:&quot;&quot;,&quot;sizes&quot;:[]}}\" data-widget_type=\"posts.cards\">\n\t\t\t\t<div class=\"elementor-widget-container\">\n\t\t\t\t\t\t\t<div class=\"elementor-posts-container elementor-posts elementor-posts--skin-cards elementor-grid\">\n\t\t\t\t<article class=\"elementor-post elementor-grid-item post-4035 post type-post status-publish format-standard has-post-thumbnail hentry category-patrimonio-cultural\">\n\t\t\t<div class=\"elementor-post__card\">\n\t\t\t\t<a class=\"elementor-post__thumbnail__link\" href=\"https:\/\/web.sanjuan.gob.ar\/cultura\/cuidemos-el-barreal-del-leoncito\/\" ><div class=\"elementor-post__thumbnail\"><img fetchpriority=\"high\" decoding=\"async\" width=\"800\" height=\"533\" src=\"https:\/\/web.sanjuan.gob.ar\/cultura\/wp-content\/uploads\/sites\/26\/2026\/03\/Foto-Barreal-ElLeoncito-01.jpg\" class=\"attachment-full size-full wp-image-4036\" alt=\"\" srcset=\"https:\/\/web.sanjuan.gob.ar\/cultura\/wp-content\/uploads\/sites\/26\/2026\/03\/Foto-Barreal-ElLeoncito-01.jpg 800w, https:\/\/web.sanjuan.gob.ar\/cultura\/wp-content\/uploads\/sites\/26\/2026\/03\/Foto-Barreal-ElLeoncito-01-300x200.jpg 300w, https:\/\/web.sanjuan.gob.ar\/cultura\/wp-content\/uploads\/sites\/26\/2026\/03\/Foto-Barreal-ElLeoncito-01-768x512.jpg 768w\" sizes=\"(max-width: 800px) 100vw, 800px\" \/><\/div><\/a>\n\t\t\t\t<div class=\"elementor-post__badge\">Direcci\u00f3n de Patrimonio Cultural<\/div>\n\t\t\t\t<div class=\"elementor-post__text\">\n\t\t\t\t<h3 class=\"elementor-post__title\">\n\t\t\t<a href=\"https:\/\/web.sanjuan.gob.ar\/cultura\/cuidemos-el-barreal-del-leoncito\/\" >\n\t\t\t\t\u00a1Cuidemos el Barreal del Leoncito!\t\t\t<\/a>\n\t\t<\/h3>\n\t\t\t\t\t<a class=\"elementor-post__read-more\" href=\"https:\/\/web.sanjuan.gob.ar\/cultura\/cuidemos-el-barreal-del-leoncito\/\" >\n\t\t\t\tVer m\u00e1s\t\t\t<\/a>\n\t\t\t\t<\/div>\n\t\t\t\t\t<\/div>\n\t\t<\/article>\n\t\t\t\t<article class=\"elementor-post elementor-grid-item post-3422 post type-post status-publish format-standard has-post-thumbnail hentry category-patrimonio-cultural\">\n\t\t\t<div class=\"elementor-post__card\">\n\t\t\t\t<a class=\"elementor-post__thumbnail__link\" href=\"https:\/\/web.sanjuan.gob.ar\/cultura\/expo-patrimonio-cultural\/\" ><div class=\"elementor-post__thumbnail\"><img decoding=\"async\" width=\"1080\" height=\"1351\" src=\"https:\/\/web.sanjuan.gob.ar\/cultura\/wp-content\/uploads\/sites\/26\/2025\/10\/Expo-PatrimonioCultural-General-01.jpg\" class=\"attachment-full size-full wp-image-3445\" alt=\"\" srcset=\"https:\/\/web.sanjuan.gob.ar\/cultura\/wp-content\/uploads\/sites\/26\/2025\/10\/Expo-PatrimonioCultural-General-01.jpg 1080w, https:\/\/web.sanjuan.gob.ar\/cultura\/wp-content\/uploads\/sites\/26\/2025\/10\/Expo-PatrimonioCultural-General-01-240x300.jpg 240w, https:\/\/web.sanjuan.gob.ar\/cultura\/wp-content\/uploads\/sites\/26\/2025\/10\/Expo-PatrimonioCultural-General-01-823x1030.jpg 823w, https:\/\/web.sanjuan.gob.ar\/cultura\/wp-content\/uploads\/sites\/26\/2025\/10\/Expo-PatrimonioCultural-General-01-768x961.jpg 768w\" sizes=\"(max-width: 1080px) 100vw, 1080px\" \/><\/div><\/a>\n\t\t\t\t<div class=\"elementor-post__badge\">Direcci\u00f3n de Patrimonio Cultural<\/div>\n\t\t\t\t<div class=\"elementor-post__text\">\n\t\t\t\t<h3 class=\"elementor-post__title\">\n\t\t\t<a href=\"https:\/\/web.sanjuan.gob.ar\/cultura\/expo-patrimonio-cultural\/\" >\n\t\t\t\tExpo Patrimonio Cultural\t\t\t<\/a>\n\t\t<\/h3>\n\t\t\t\t\t<a class=\"elementor-post__read-more\" href=\"https:\/\/web.sanjuan.gob.ar\/cultura\/expo-patrimonio-cultural\/\" >\n\t\t\t\tVer m\u00e1s\t\t\t<\/a>\n\t\t\t\t<\/div>\n\t\t\t\t\t<\/div>\n\t\t<\/article>\n\t\t\t\t<article class=\"elementor-post elementor-grid-item post-3242 post type-post status-publish format-standard has-post-thumbnail hentry category-convocatorias category-direccion-de-artes-escenicas category-sin-categoria\">\n\t\t\t<div class=\"elementor-post__card\">\n\t\t\t\t<a class=\"elementor-post__thumbnail__link\" href=\"https:\/\/web.sanjuan.gob.ar\/cultura\/pre-laborde-2026-inscripcion\/\" ><div class=\"elementor-post__thumbnail\"><img decoding=\"async\" width=\"1080\" height=\"1350\" src=\"https:\/\/web.sanjuan.gob.ar\/cultura\/wp-content\/uploads\/sites\/26\/2025\/09\/PRELABORDE-SANJUAN.png\" class=\"attachment-full size-full wp-image-3243\" alt=\"\" srcset=\"https:\/\/web.sanjuan.gob.ar\/cultura\/wp-content\/uploads\/sites\/26\/2025\/09\/PRELABORDE-SANJUAN.png 1080w, https:\/\/web.sanjuan.gob.ar\/cultura\/wp-content\/uploads\/sites\/26\/2025\/09\/PRELABORDE-SANJUAN-240x300.png 240w, https:\/\/web.sanjuan.gob.ar\/cultura\/wp-content\/uploads\/sites\/26\/2025\/09\/PRELABORDE-SANJUAN-824x1030.png 824w, https:\/\/web.sanjuan.gob.ar\/cultura\/wp-content\/uploads\/sites\/26\/2025\/09\/PRELABORDE-SANJUAN-768x960.png 768w\" sizes=\"(max-width: 1080px) 100vw, 1080px\" \/><\/div><\/a>\n\t\t\t\t<div class=\"elementor-post__badge\">Convocatorias<\/div>\n\t\t\t\t<div class=\"elementor-post__text\">\n\t\t\t\t<h3 class=\"elementor-post__title\">\n\t\t\t<a href=\"https:\/\/web.sanjuan.gob.ar\/cultura\/pre-laborde-2026-inscripcion\/\" >\n\t\t\t\tPre Laborde 2026 | Inscripci\u00f3n\t\t\t<\/a>\n\t\t<\/h3>\n\t\t\t\t\t<a class=\"elementor-post__read-more\" href=\"https:\/\/web.sanjuan.gob.ar\/cultura\/pre-laborde-2026-inscripcion\/\" >\n\t\t\t\tVer m\u00e1s\t\t\t<\/a>\n\t\t\t\t<\/div>\n\t\t\t\t\t<\/div>\n\t\t<\/article>\n\t\t\t\t<article class=\"elementor-post elementor-grid-item post-3237 post type-post status-publish format-standard has-post-thumbnail hentry category-convocatorias category-direccion-territorial-artes-populares-y-folcloricas\">\n\t\t\t<div class=\"elementor-post__card\">\n\t\t\t\t<a class=\"elementor-post__thumbnail__link\" href=\"https:\/\/web.sanjuan.gob.ar\/cultura\/pre-cosquin-2026-inscripcion\/\" ><div class=\"elementor-post__thumbnail\"><img loading=\"lazy\" decoding=\"async\" width=\"1080\" height=\"1350\" src=\"https:\/\/web.sanjuan.gob.ar\/cultura\/wp-content\/uploads\/sites\/26\/2025\/09\/prescosquin-2026-feed.jpg\" class=\"attachment-full size-full wp-image-3238\" alt=\"\" srcset=\"https:\/\/web.sanjuan.gob.ar\/cultura\/wp-content\/uploads\/sites\/26\/2025\/09\/prescosquin-2026-feed.jpg 1080w, https:\/\/web.sanjuan.gob.ar\/cultura\/wp-content\/uploads\/sites\/26\/2025\/09\/prescosquin-2026-feed-240x300.jpg 240w, https:\/\/web.sanjuan.gob.ar\/cultura\/wp-content\/uploads\/sites\/26\/2025\/09\/prescosquin-2026-feed-824x1030.jpg 824w, https:\/\/web.sanjuan.gob.ar\/cultura\/wp-content\/uploads\/sites\/26\/2025\/09\/prescosquin-2026-feed-768x960.jpg 768w\" sizes=\"(max-width: 1080px) 100vw, 1080px\" \/><\/div><\/a>\n\t\t\t\t<div class=\"elementor-post__badge\">Convocatorias<\/div>\n\t\t\t\t<div class=\"elementor-post__text\">\n\t\t\t\t<h3 class=\"elementor-post__title\">\n\t\t\t<a href=\"https:\/\/web.sanjuan.gob.ar\/cultura\/pre-cosquin-2026-inscripcion\/\" >\n\t\t\t\tPre Cosqu\u00edn 2026 | Inscripci\u00f3n\t\t\t<\/a>\n\t\t<\/h3>\n\t\t\t\t\t<a class=\"elementor-post__read-more\" href=\"https:\/\/web.sanjuan.gob.ar\/cultura\/pre-cosquin-2026-inscripcion\/\" >\n\t\t\t\tVer m\u00e1s\t\t\t<\/a>\n\t\t\t\t<\/div>\n\t\t\t\t\t<\/div>\n\t\t<\/article>\n\t\t\t\t<article class=\"elementor-post elementor-grid-item post-3190 post type-post status-publish format-standard has-post-thumbnail hentry category-secretaria-cultura\">\n\t\t\t<div class=\"elementor-post__card\">\n\t\t\t\t<a class=\"elementor-post__thumbnail__link\" href=\"https:\/\/web.sanjuan.gob.ar\/cultura\/prestamo-de-vestuario\/\" ><div class=\"elementor-post__thumbnail\"><img loading=\"lazy\" decoding=\"async\" width=\"1080\" height=\"1350\" src=\"https:\/\/web.sanjuan.gob.ar\/cultura\/wp-content\/uploads\/sites\/26\/2025\/08\/Prestamo-Vestuario.jpg\" class=\"attachment-full size-full wp-image-3202\" alt=\"\" srcset=\"https:\/\/web.sanjuan.gob.ar\/cultura\/wp-content\/uploads\/sites\/26\/2025\/08\/Prestamo-Vestuario.jpg 1080w, https:\/\/web.sanjuan.gob.ar\/cultura\/wp-content\/uploads\/sites\/26\/2025\/08\/Prestamo-Vestuario-240x300.jpg 240w, https:\/\/web.sanjuan.gob.ar\/cultura\/wp-content\/uploads\/sites\/26\/2025\/08\/Prestamo-Vestuario-824x1030.jpg 824w, https:\/\/web.sanjuan.gob.ar\/cultura\/wp-content\/uploads\/sites\/26\/2025\/08\/Prestamo-Vestuario-768x960.jpg 768w\" sizes=\"(max-width: 1080px) 100vw, 1080px\" \/><\/div><\/a>\n\t\t\t\t<div class=\"elementor-post__badge\">Secretar\u00eda de Cultura<\/div>\n\t\t\t\t<div class=\"elementor-post__text\">\n\t\t\t\t<h3 class=\"elementor-post__title\">\n\t\t\t<a href=\"https:\/\/web.sanjuan.gob.ar\/cultura\/prestamo-de-vestuario\/\" >\n\t\t\t\tPr\u00e9stamo de Vestuario\t\t\t<\/a>\n\t\t<\/h3>\n\t\t\t\t\t<a class=\"elementor-post__read-more\" href=\"https:\/\/web.sanjuan.gob.ar\/cultura\/prestamo-de-vestuario\/\" >\n\t\t\t\tVer m\u00e1s\t\t\t<\/a>\n\t\t\t\t<\/div>\n\t\t\t\t\t<\/div>\n\t\t<\/article>\n\t\t\t\t<article class=\"elementor-post elementor-grid-item post-3113 post type-post status-publish format-standard has-post-thumbnail hentry category-patrimonio-cultural\">\n\t\t\t<div class=\"elementor-post__card\">\n\t\t\t\t<a class=\"elementor-post__thumbnail__link\" href=\"https:\/\/web.sanjuan.gob.ar\/cultura\/cuidar-la-pampa-del-leoncito-un-compromiso-con-la-naturaleza-y-la-historia\/\" ><div class=\"elementor-post__thumbnail\"><img loading=\"lazy\" decoding=\"async\" width=\"800\" height=\"1000\" src=\"https:\/\/web.sanjuan.gob.ar\/cultura\/wp-content\/uploads\/sites\/26\/2025\/08\/DSC0039-baja.jpg\" class=\"attachment-full size-full wp-image-3114\" alt=\"\" srcset=\"https:\/\/web.sanjuan.gob.ar\/cultura\/wp-content\/uploads\/sites\/26\/2025\/08\/DSC0039-baja.jpg 800w, https:\/\/web.sanjuan.gob.ar\/cultura\/wp-content\/uploads\/sites\/26\/2025\/08\/DSC0039-baja-240x300.jpg 240w, https:\/\/web.sanjuan.gob.ar\/cultura\/wp-content\/uploads\/sites\/26\/2025\/08\/DSC0039-baja-768x960.jpg 768w\" sizes=\"(max-width: 800px) 100vw, 800px\" \/><\/div><\/a>\n\t\t\t\t<div class=\"elementor-post__badge\">Direcci\u00f3n de Patrimonio Cultural<\/div>\n\t\t\t\t<div class=\"elementor-post__text\">\n\t\t\t\t<h3 class=\"elementor-post__title\">\n\t\t\t<a href=\"https:\/\/web.sanjuan.gob.ar\/cultura\/cuidar-la-pampa-del-leoncito-un-compromiso-con-la-naturaleza-y-la-historia\/\" >\n\t\t\t\tCuidar la Pampa del Leoncito: un compromiso con la naturaleza y la historia\t\t\t<\/a>\n\t\t<\/h3>\n\t\t\t\t\t<a class=\"elementor-post__read-more\" href=\"https:\/\/web.sanjuan.gob.ar\/cultura\/cuidar-la-pampa-del-leoncito-un-compromiso-con-la-naturaleza-y-la-historia\/\" >\n\t\t\t\tVer m\u00e1s\t\t\t<\/a>\n\t\t\t\t<\/div>\n\t\t\t\t\t<\/div>\n\t\t<\/article>\n\t\t\t\t<article class=\"elementor-post elementor-grid-item post-2846 post type-post status-publish format-standard has-post-thumbnail hentry category-accion-cultural\">\n\t\t\t<div class=\"elementor-post__card\">\n\t\t\t\t<a class=\"elementor-post__thumbnail__link\" href=\"https:\/\/web.sanjuan.gob.ar\/cultura\/mecenazgo-cultural-2025\/\" ><div class=\"elementor-post__thumbnail\"><img loading=\"lazy\" decoding=\"async\" width=\"1080\" height=\"1350\" src=\"https:\/\/web.sanjuan.gob.ar\/cultura\/wp-content\/uploads\/sites\/26\/2025\/07\/Flyer-Mecenazgo-2025-01.jpg\" class=\"attachment-full size-full wp-image-2847\" alt=\"\" srcset=\"https:\/\/web.sanjuan.gob.ar\/cultura\/wp-content\/uploads\/sites\/26\/2025\/07\/Flyer-Mecenazgo-2025-01.jpg 1080w, https:\/\/web.sanjuan.gob.ar\/cultura\/wp-content\/uploads\/sites\/26\/2025\/07\/Flyer-Mecenazgo-2025-01-240x300.jpg 240w, https:\/\/web.sanjuan.gob.ar\/cultura\/wp-content\/uploads\/sites\/26\/2025\/07\/Flyer-Mecenazgo-2025-01-824x1030.jpg 824w, https:\/\/web.sanjuan.gob.ar\/cultura\/wp-content\/uploads\/sites\/26\/2025\/07\/Flyer-Mecenazgo-2025-01-768x960.jpg 768w\" sizes=\"(max-width: 1080px) 100vw, 1080px\" \/><\/div><\/a>\n\t\t\t\t<div class=\"elementor-post__badge\">Direcci\u00f3n de Acci\u00f3n Cultural<\/div>\n\t\t\t\t<div class=\"elementor-post__text\">\n\t\t\t\t<h3 class=\"elementor-post__title\">\n\t\t\t<a href=\"https:\/\/web.sanjuan.gob.ar\/cultura\/mecenazgo-cultural-2025\/\" >\n\t\t\t\tMecenazgo Cultural 2025\t\t\t<\/a>\n\t\t<\/h3>\n\t\t\t\t\t<a class=\"elementor-post__read-more\" href=\"https:\/\/web.sanjuan.gob.ar\/cultura\/mecenazgo-cultural-2025\/\" >\n\t\t\t\tVer m\u00e1s\t\t\t<\/a>\n\t\t\t\t<\/div>\n\t\t\t\t\t<\/div>\n\t\t<\/article>\n\t\t\t\t<article class=\"elementor-post elementor-grid-item post-1563 post type-post status-publish format-standard has-post-thumbnail hentry category-direccion-de-artes-escenicas category-eventos\">\n\t\t\t<div class=\"elementor-post__card\">\n\t\t\t\t<a class=\"elementor-post__thumbnail__link\" href=\"https:\/\/web.sanjuan.gob.ar\/cultura\/bellydance-jornadas-de-celebracion-con-danza-arabe-y-formacion-artistica\/\" ><div class=\"elementor-post__thumbnail\"><img loading=\"lazy\" decoding=\"async\" width=\"800\" height=\"1000\" src=\"https:\/\/web.sanjuan.gob.ar\/cultura\/wp-content\/uploads\/sites\/26\/2025\/06\/bellydance-01-portada-.jpg\" class=\"attachment-full size-full wp-image-1564\" alt=\"\" srcset=\"https:\/\/web.sanjuan.gob.ar\/cultura\/wp-content\/uploads\/sites\/26\/2025\/06\/bellydance-01-portada-.jpg 800w, https:\/\/web.sanjuan.gob.ar\/cultura\/wp-content\/uploads\/sites\/26\/2025\/06\/bellydance-01-portada--240x300.jpg 240w, https:\/\/web.sanjuan.gob.ar\/cultura\/wp-content\/uploads\/sites\/26\/2025\/06\/bellydance-01-portada--768x960.jpg 768w\" sizes=\"(max-width: 800px) 100vw, 800px\" \/><\/div><\/a>\n\t\t\t\t<div class=\"elementor-post__badge\">Direcci\u00f3n de Artes Esc\u00e9nicas<\/div>\n\t\t\t\t<div class=\"elementor-post__text\">\n\t\t\t\t<h3 class=\"elementor-post__title\">\n\t\t\t<a href=\"https:\/\/web.sanjuan.gob.ar\/cultura\/bellydance-jornadas-de-celebracion-con-danza-arabe-y-formacion-artistica\/\" >\n\t\t\t\tBellydance. Jornadas de Celebraci\u00f3n con Danza \u00c1rabe y Formaci\u00f3n Art\u00edstica\t\t\t<\/a>\n\t\t<\/h3>\n\t\t\t\t\t<a class=\"elementor-post__read-more\" href=\"https:\/\/web.sanjuan.gob.ar\/cultura\/bellydance-jornadas-de-celebracion-con-danza-arabe-y-formacion-artistica\/\" >\n\t\t\t\tVer m\u00e1s\t\t\t<\/a>\n\t\t\t\t<\/div>\n\t\t\t\t\t<\/div>\n\t\t<\/article>\n\t\t\t\t<article class=\"elementor-post elementor-grid-item post-320 post type-post status-publish format-gallery has-post-thumbnail hentry category-patrimonio-cultural tag-angualasto tag-cultura tag-educacion tag-formacion tag-iglesia tag-patrimonio tag-san-juan tag-taller post_format-post-format-gallery\">\n\t\t\t<div class=\"elementor-post__card\">\n\t\t\t\t<a class=\"elementor-post__thumbnail__link\" href=\"https:\/\/web.sanjuan.gob.ar\/cultura\/sobre-patrimonio\/\" ><div class=\"elementor-post__thumbnail\"><img loading=\"lazy\" decoding=\"async\" width=\"1081\" height=\"1350\" src=\"https:\/\/web.sanjuan.gob.ar\/cultura\/wp-content\/uploads\/sites\/26\/2025\/04\/DPC-Angualasto-01.jpeg\" class=\"attachment-full size-full wp-image-1212\" alt=\"\" srcset=\"https:\/\/web.sanjuan.gob.ar\/cultura\/wp-content\/uploads\/sites\/26\/2025\/04\/DPC-Angualasto-01.jpeg 1081w, https:\/\/web.sanjuan.gob.ar\/cultura\/wp-content\/uploads\/sites\/26\/2025\/04\/DPC-Angualasto-01-240x300.jpeg 240w, https:\/\/web.sanjuan.gob.ar\/cultura\/wp-content\/uploads\/sites\/26\/2025\/04\/DPC-Angualasto-01-825x1030.jpeg 825w, https:\/\/web.sanjuan.gob.ar\/cultura\/wp-content\/uploads\/sites\/26\/2025\/04\/DPC-Angualasto-01-768x959.jpeg 768w\" sizes=\"(max-width: 1081px) 100vw, 1081px\" \/><\/div><\/a>\n\t\t\t\t<div class=\"elementor-post__badge\">Direcci\u00f3n de Patrimonio Cultural<\/div>\n\t\t\t\t<div class=\"elementor-post__text\">\n\t\t\t\t<h3 class=\"elementor-post__title\">\n\t\t\t<a href=\"https:\/\/web.sanjuan.gob.ar\/cultura\/sobre-patrimonio\/\" >\n\t\t\t\tProyecto Educativo Angualasto: Voces de la Tierra\t\t\t<\/a>\n\t\t<\/h3>\n\t\t\t\t\t<a class=\"elementor-post__read-more\" href=\"https:\/\/web.sanjuan.gob.ar\/cultura\/sobre-patrimonio\/\" >\n\t\t\t\tVer m\u00e1s\t\t\t<\/a>\n\t\t\t\t<\/div>\n\t\t\t\t\t<\/div>\n\t\t<\/article>\n\t\t\t\t<\/div>\n\n\n\t\t\n\t\t\t\t\t\t<\/div>\n\t\t\t\t<\/div>\n\t\t\t\t\t<\/div>\n\t\t<\/div>\n\t\t\t\t\t<\/div>\n\t\t<\/section>\n\t\t\t\t<\/div>\n\t\t","protected":false},"excerpt":{"rendered":"<p>Inicio \/ P\u00e1gina<\/p>\n","protected":false},"author":44,"featured_media":0,"parent":0,"menu_order":0,"comment_status":"closed","ping_status":"closed","template":"","meta":{"_acf_changed":false,"site-sidebar-layout":"no-sidebar","site-content-layout":"","ast-site-content-layout":"full-width-container","site-content-style":"default","site-sidebar-style":"default","ast-global-header-display":"","ast-banner-title-visibility":"","ast-main-header-display":"","ast-hfb-above-header-display":"","ast-hfb-below-header-display":"","ast-hfb-mobile-header-display":"","site-post-title":"disabled","ast-breadcrumbs-content":"","ast-featured-img":"disabled","footer-sml-layout":"","ast-disable-related-posts":"","theme-transparent-header-meta":"default","adv-header-id-meta":"","stick-header-meta":"","header-above-stick-meta":"","header-main-stick-meta":"","header-below-stick-meta":"","astra-migrate-meta-layouts":"set","ast-page-background-enabled":"default","ast-page-background-meta":{"desktop":{"background-color":"var(--ast-global-color-5)","background-image":"","background-repeat":"repeat","background-position":"center center","background-size":"auto","background-attachment":"scroll","background-type":"","background-media":"","overlay-type":"","overlay-color":"","overlay-opacity":"","overlay-gradient":""},"tablet":{"background-color":"","background-image":"","background-repeat":"repeat","background-position":"center center","background-size":"auto","background-attachment":"scroll","background-type":"","background-media":"","overlay-type":"","overlay-color":"","overlay-opacity":"","overlay-gradient":""},"mobile":{"background-color":"","background-image":"","background-repeat":"repeat","background-position":"center center","background-size":"auto","background-attachment":"scroll","background-type":"","background-media":"","overlay-type":"","overlay-color":"","overlay-opacity":"","overlay-gradient":""}},"ast-content-background-meta":{"desktop":{"background-color":"var(--ast-global-color-4)","background-image":"","background-repeat":"repeat","background-position":"center center","background-size":"auto","background-attachment":"scroll","background-type":"","background-media":"","overlay-type":"","overlay-color":"","overlay-opacity":"","overlay-gradient":""},"tablet":{"background-color":"var(--ast-global-color-4)","background-image":"","background-repeat":"repeat","background-position":"center center","background-size":"auto","background-attachment":"scroll","background-type":"","background-media":"","overlay-type":"","overlay-color":"","overlay-opacity":"","overlay-gradient":""},"mobile":{"background-color":"var(--ast-global-color-4)","background-image":"","background-repeat":"repeat","background-position":"center center","background-size":"auto","background-attachment":"scroll","background-type":"","background-media":"","overlay-type":"","overlay-color":"","overlay-opacity":"","overlay-gradient":""}},"footnotes":""},"class_list":["post-617","page","type-page","status-publish","hentry"],"acf":[],"_links":{"self":[{"href":"https:\/\/web.sanjuan.gob.ar\/cultura\/wp-json\/wp\/v2\/pages\/617","targetHints":{"allow":["GET"]}}],"collection":[{"href":"https:\/\/web.sanjuan.gob.ar\/cultura\/wp-json\/wp\/v2\/pages"}],"about":[{"href":"https:\/\/web.sanjuan.gob.ar\/cultura\/wp-json\/wp\/v2\/types\/page"}],"author":[{"embeddable":true,"href":"https:\/\/web.sanjuan.gob.ar\/cultura\/wp-json\/wp\/v2\/users\/44"}],"replies":[{"embeddable":true,"href":"https:\/\/web.sanjuan.gob.ar\/cultura\/wp-json\/wp\/v2\/comments?post=617"}],"version-history":[{"count":3,"href":"https:\/\/web.sanjuan.gob.ar\/cultura\/wp-json\/wp\/v2\/pages\/617\/revisions"}],"predecessor-version":[{"id":2969,"href":"https:\/\/web.sanjuan.gob.ar\/cultura\/wp-json\/wp\/v2\/pages\/617\/revisions\/2969"}],"wp:attachment":[{"href":"https:\/\/web.sanjuan.gob.ar\/cultura\/wp-json\/wp\/v2\/media?parent=617"}],"curies":[{"name":"wp","href":"https:\/\/api.w.org\/{rel}","templated":true}]}}