{"id":211,"date":"2021-06-25T15:18:09","date_gmt":"2021-06-25T15:18:09","guid":{"rendered":"https:\/\/ipeem.sanjuan.gob.ar\/?page_id=211"},"modified":"2024-12-18T11:10:03","modified_gmt":"2024-12-18T14:10:03","slug":"vanesa-i-y-ii","status":"publish","type":"page","link":"https:\/\/web.sanjuan.gob.ar\/ipeem\/?page_id=211","title":{"rendered":"Vanesa I y II"},"content":{"rendered":"\n<style type=\"text\/css\" data-created_by=\"avia_inline_auto\" id=\"style-css-av-kqci3vre-855d72b438a7c04ec314b68bd62b7fb5\">\n.avia-section.av-kqci3vre-855d72b438a7c04ec314b68bd62b7fb5 .av-parallax .av-parallax-inner{\nbackground-repeat:no-repeat;\nbackground-image:url(https:\/\/web.sanjuan.gob.ar\/ipeem\/wp-content\/uploads\/sites\/13\/2021\/06\/WEB-IPEEM-13-1-81.jpg);\nbackground-position:50% 50%;\nbackground-attachment:scroll;\n}\n<\/style>\n<div id='av_section_1'  class='avia-section av-kqci3vre-855d72b438a7c04ec314b68bd62b7fb5 main_color avia-section-default avia-no-border-styling  avia-builder-el-0  el_before_av_one_half  avia-builder-el-first  av-parallax-section avia-bg-style-parallax av-minimum-height av-minimum-height-25 av-height-25  container_wrap sidebar_right'  data-section-bg-repeat='no-repeat' data-av_minimum_height_pc='25' data-av_min_height_opt='25'><div class='av-parallax' data-avia-parallax-ratio='0.3' ><div class='av-parallax-inner main_color avia-full-stretch'><\/div><\/div><div class='container av-section-cont-open' ><main  role=\"main\" itemprop=\"mainContentOfPage\"  class='template-page content  av-content-small alpha units'><div class='post-entry post-entry-type-page post-entry-211'><div class='entry-content-wrapper clearfix'>\n\n<style type=\"text\/css\" data-created_by=\"avia_inline_auto\" id=\"style-css-av-fniff-2087347507fa0d0c1e251c5ce6a64a72\">\n.flex_column.av-fniff-2087347507fa0d0c1e251c5ce6a64a72{\nborder-radius:15px 15px 15px 15px;\npadding:20px 20px 20px 20px;\nbackground:url(https:\/\/web.sanjuan.gob.ar\/ipeem\/wp-content\/uploads\/sites\/13\/2021\/07\/trans2.png) 0% 0% repeat scroll ;\n}\n<\/style>\n<div  class='flex_column av-fniff-2087347507fa0d0c1e251c5ce6a64a72 av_one_third  avia-builder-el-1  avia-builder-el-no-sibling  first flex_column_div  '     ><p>\n<style type=\"text\/css\" data-created_by=\"avia_inline_auto\" id=\"style-css-av-b12wz-a470f487bc8994cdb425fc98ea0f2a27\">\n#top .av-special-heading.av-b12wz-a470f487bc8994cdb425fc98ea0f2a27{\npadding-bottom:10px;\ncolor:#ffffff;\n}\nbody .av-special-heading.av-b12wz-a470f487bc8994cdb425fc98ea0f2a27 .av-special-heading-tag .heading-char{\nfont-size:25px;\n}\n.av-special-heading.av-b12wz-a470f487bc8994cdb425fc98ea0f2a27 .special-heading-inner-border{\nborder-color:#ffffff;\n}\n.av-special-heading.av-b12wz-a470f487bc8994cdb425fc98ea0f2a27 .av-subheading{\nfont-size:15px;\n}\n<\/style>\n<div  class='av-special-heading av-b12wz-a470f487bc8994cdb425fc98ea0f2a27 av-special-heading-h4 custom-color-heading blockquote modern-quote  avia-builder-el-2  el_before_av_heading  avia-builder-el-first '><h4 class='av-special-heading-tag '  itemprop=\"headline\"  >\u00c1rea Minera<\/h4><div class=\"special-heading-border\"><div class=\"special-heading-inner-border\"><\/div><\/div><\/div><br \/>\n\n<style type=\"text\/css\" data-created_by=\"avia_inline_auto\" id=\"style-css-av-kqchyoo2-d2c5eb03824725858746abca2cdb2085\">\n#top .av-special-heading.av-kqchyoo2-d2c5eb03824725858746abca2cdb2085{\npadding-bottom:10px;\ncolor:#edae44;\n}\nbody .av-special-heading.av-kqchyoo2-d2c5eb03824725858746abca2cdb2085 .av-special-heading-tag .heading-char{\nfont-size:25px;\n}\n.av-special-heading.av-kqchyoo2-d2c5eb03824725858746abca2cdb2085 .special-heading-inner-border{\nborder-color:#edae44;\n}\n.av-special-heading.av-kqchyoo2-d2c5eb03824725858746abca2cdb2085 .av-subheading{\nfont-size:15px;\n}\n<\/style>\n<div  class='av-special-heading av-kqchyoo2-d2c5eb03824725858746abca2cdb2085 av-special-heading-h1 custom-color-heading blockquote modern-quote  avia-builder-el-3  el_after_av_heading  avia-builder-el-last '><h1 class='av-special-heading-tag '  itemprop=\"headline\"  >VANESA I Y II<\/h1><div class='av_custom_color av-subheading av-subheading_below'><p>FORTESCUE S.A.U.<\/p>\n<\/div><div class=\"special-heading-border\"><div class=\"special-heading-inner-border\"><\/div><\/div><\/div><\/p><\/div>\n<\/div><\/div><\/main><!-- close content main element --><\/div><\/div><div id='after_section_1'  class='main_color av_default_container_wrap container_wrap sidebar_right'  ><div class='container av-section-cont-open' ><div class='template-page content  av-content-small alpha units'><div class='post-entry post-entry-type-page post-entry-211'><div class='entry-content-wrapper clearfix'>\n\n<style type=\"text\/css\" data-created_by=\"avia_inline_auto\" id=\"style-css-av-p6urn-1ada3c6b9dff99494f7b05737673277b\">\n.flex_column.av-p6urn-1ada3c6b9dff99494f7b05737673277b{\nborder-radius:0px 0px 0px 0px;\npadding:0px 0px 0px 0px;\n}\n<\/style>\n<div  class='flex_column av-p6urn-1ada3c6b9dff99494f7b05737673277b av_one_half  avia-builder-el-4  el_after_av_section  el_before_av_one_half  avia-builder-el-first  first flex_column_div av-zero-column-padding  '     ><section  class='av_textblock_section av-kqci4zth-520a6b65c51de6a9b0473e9c98fadbb3 '   itemscope=\"itemscope\" itemtype=\"https:\/\/schema.org\/CreativeWork\" ><div class='avia_textblock'  itemprop=\"text\" ><h3 style=\"text-align: left;\">El proyecto Vanesa I y II se ubica en la alta cordillera de San Juan, en la margen occidental de la provincia geol\u00f3gica de Cordillera Frontal, en el departamento de Calingasta, cercano a Pach\u00f3n, Amos-Andr\u00e9s, Cerro Yunque y mina Los Pelambres (Chile). Se encuentra aproximadamente a 330 km de la cuidad de San Juan.<\/h3>\n<\/div><\/section><br \/>\n<section  class='av_textblock_section av-kqci60kj-a20cea51458998e119e922450df95fe3 '   itemscope=\"itemscope\" itemtype=\"https:\/\/schema.org\/CreativeWork\" ><div class='avia_textblock'  itemprop=\"text\" ><h5>El \u00e1rea fue explorada por Minera Anglo American S. A. (2011-2013) y actualmente por Argentina Fortescue S. A. U., a partir de 2019. En el \u00e1rea se han realizado mapeos geol\u00f3gicos de detalle y regional, geoqu\u00edmica de superficie y 3.610 metros de perforaci\u00f3n, distribuidos en 6 sondajes.<br \/>\nVanesa I y II corresponde a un dep\u00f3sito tipo p\u00f3rfido de Cu-Mo +\/- Au, hospedado en secuencias volc\u00e1nicas tri\u00e1sicas, intruidas por<br \/>\ncuerpos subvolc\u00e1nicos de car\u00e1cter pre-mineral, intermineral y post-mineral, asignados al Mioceno, emplazados en un tren estructural<br \/>\nnoroeste.<\/h5>\n<\/div><\/section><br \/>\n<section  class='av_textblock_section av-m4tyywxg-7aa1d3b7fc40f208fece98a75cfdada2 '   itemscope=\"itemscope\" itemtype=\"https:\/\/schema.org\/CreativeWork\" ><div class='avia_textblock'  itemprop=\"text\" ><p><strong>English Version<\/strong><\/p>\n<p><span style=\"color: #993300;\"><em>The Vanesa I and II project is located in the high mountains of San Juan, on the western margin of the geological province of Cordillera Frontal, in the department of Calingasta, near Pach\u00f3n, Amos-Andr\u00e9s, Cerro Yunque, and Los Pelambres mine (Chile). It is approximately 330 km from the city of San Juan.\u00a0<\/em><\/span><\/p>\n<p><span style=\"color: #993300;\"><em>The area was explored by Minera Anglo American S.A. (2011-2013) and since 2019, by Argentina Fortescue S.A.U. Regional and detailed \u00a0geological mapping, surface geochemistry and 3,610 meters of drilling distributed in 6 drill holes, have been carried out in the area.\u00a0<\/em><\/span><\/p>\n<p><span style=\"color: #993300;\"><em>Vanesa I and II corresponds to a Cu-Mo +\/- Au porphyry-type deposit, hosted in Triassic volcanic sequences, intruded by pre-mineral, inter-mineral, and post-mineral subvolcanic bodies assigned to the Miocene and emplaced in a northwest structural trend.<\/em><\/span><\/p>\n<\/div><\/section><\/p><\/div>\n<style type=\"text\/css\" data-created_by=\"avia_inline_auto\" id=\"style-css-av-ka1sr-af4beade5a5c7bedd196ffda02648e65\">\n.flex_column.av-ka1sr-af4beade5a5c7bedd196ffda02648e65{\nborder-radius:0px 0px 0px 0px;\npadding:0px 0px 0px 0px;\n}\n<\/style>\n<div  class='flex_column av-ka1sr-af4beade5a5c7bedd196ffda02648e65 av_one_half  avia-builder-el-8  el_after_av_one_half  avia-builder-el-last  flex_column_div av-zero-column-padding  '     ><p>\n<style type=\"text\/css\" data-created_by=\"avia_inline_auto\" id=\"style-css-av-1lx1f-c2d3579f9fc564eaa3f95fc5cc2b4d16\">\n.avia-image-container.av-1lx1f-c2d3579f9fc564eaa3f95fc5cc2b4d16 img.avia_image{\nbox-shadow:none;\n}\n.avia-image-container.av-1lx1f-c2d3579f9fc564eaa3f95fc5cc2b4d16 .av-image-caption-overlay-center{\ncolor:#ffffff;\n}\n<\/style>\n<div  class='avia-image-container av-1lx1f-c2d3579f9fc564eaa3f95fc5cc2b4d16 av-styling- avia-align-center  avia-builder-el-9  el_before_av_image  avia-builder-el-first '   itemprop=\"image\" itemscope=\"itemscope\" itemtype=\"https:\/\/schema.org\/ImageObject\" ><div class=\"avia-image-container-inner\"><div class=\"avia-image-overlay-wrap\"><img decoding=\"async\" fetchpriority=\"high\" class='wp-image-281 avia-img-lazy-loading-not-281 avia_image ' src=\"https:\/\/web.sanjuan.gob.ar\/ipeem\/wp-content\/uploads\/sites\/13\/2021\/06\/vanesa_I_II_1.jpg\" alt='' title='vanesa_I_II_1'  height=\"570\" width=\"851\"  itemprop=\"thumbnailUrl\" srcset=\"https:\/\/web.sanjuan.gob.ar\/ipeem\/wp-content\/uploads\/sites\/13\/2021\/06\/vanesa_I_II_1.jpg 851w, https:\/\/web.sanjuan.gob.ar\/ipeem\/wp-content\/uploads\/sites\/13\/2021\/06\/vanesa_I_II_1-300x201.jpg 300w, https:\/\/web.sanjuan.gob.ar\/ipeem\/wp-content\/uploads\/sites\/13\/2021\/06\/vanesa_I_II_1-768x514.jpg 768w, https:\/\/web.sanjuan.gob.ar\/ipeem\/wp-content\/uploads\/sites\/13\/2021\/06\/vanesa_I_II_1-705x472.jpg 705w\" sizes=\"(max-width: 851px) 100vw, 851px\" \/><\/div><\/div><\/div><br \/>\n\n<style type=\"text\/css\" data-created_by=\"avia_inline_auto\" id=\"style-css-av-8fpsz-a1f40eead06d2e7d86213b81671be4c9\">\n.avia-image-container.av-8fpsz-a1f40eead06d2e7d86213b81671be4c9 img.avia_image{\nbox-shadow:none;\n}\n.avia-image-container.av-8fpsz-a1f40eead06d2e7d86213b81671be4c9 .av-image-caption-overlay-center{\ncolor:#ffffff;\n}\n<\/style>\n<div  class='avia-image-container av-8fpsz-a1f40eead06d2e7d86213b81671be4c9 av-styling- avia-align-center  avia-builder-el-10  el_after_av_image  avia-builder-el-last '   itemprop=\"image\" itemscope=\"itemscope\" itemtype=\"https:\/\/schema.org\/ImageObject\" ><div class=\"avia-image-container-inner\"><div class=\"avia-image-overlay-wrap\"><img decoding=\"async\" fetchpriority=\"high\" class='wp-image-282 avia-img-lazy-loading-not-282 avia_image ' src=\"https:\/\/web.sanjuan.gob.ar\/ipeem\/wp-content\/uploads\/sites\/13\/2021\/06\/vanesa_I_II_2.jpg\" alt='' title='vanesa_I_II_2'  height=\"544\" width=\"960\"  itemprop=\"thumbnailUrl\" srcset=\"https:\/\/web.sanjuan.gob.ar\/ipeem\/wp-content\/uploads\/sites\/13\/2021\/06\/vanesa_I_II_2.jpg 960w, https:\/\/web.sanjuan.gob.ar\/ipeem\/wp-content\/uploads\/sites\/13\/2021\/06\/vanesa_I_II_2-300x170.jpg 300w, https:\/\/web.sanjuan.gob.ar\/ipeem\/wp-content\/uploads\/sites\/13\/2021\/06\/vanesa_I_II_2-768x435.jpg 768w, https:\/\/web.sanjuan.gob.ar\/ipeem\/wp-content\/uploads\/sites\/13\/2021\/06\/vanesa_I_II_2-705x400.jpg 705w\" sizes=\"(max-width: 960px) 100vw, 960px\" \/><\/div><\/div><\/div><\/p><\/div><\/p>\n","protected":false},"excerpt":{"rendered":"","protected":false},"author":4,"featured_media":0,"parent":0,"menu_order":0,"comment_status":"closed","ping_status":"closed","template":"","meta":{"footnotes":""},"class_list":["post-211","page","type-page","status-publish","hentry"],"_links":{"self":[{"href":"https:\/\/web.sanjuan.gob.ar\/ipeem\/index.php?rest_route=\/wp\/v2\/pages\/211","targetHints":{"allow":["GET"]}}],"collection":[{"href":"https:\/\/web.sanjuan.gob.ar\/ipeem\/index.php?rest_route=\/wp\/v2\/pages"}],"about":[{"href":"https:\/\/web.sanjuan.gob.ar\/ipeem\/index.php?rest_route=\/wp\/v2\/types\/page"}],"author":[{"embeddable":true,"href":"https:\/\/web.sanjuan.gob.ar\/ipeem\/index.php?rest_route=\/wp\/v2\/users\/4"}],"replies":[{"embeddable":true,"href":"https:\/\/web.sanjuan.gob.ar\/ipeem\/index.php?rest_route=%2Fwp%2Fv2%2Fcomments&post=211"}],"version-history":[{"count":3,"href":"https:\/\/web.sanjuan.gob.ar\/ipeem\/index.php?rest_route=\/wp\/v2\/pages\/211\/revisions"}],"predecessor-version":[{"id":949,"href":"https:\/\/web.sanjuan.gob.ar\/ipeem\/index.php?rest_route=\/wp\/v2\/pages\/211\/revisions\/949"}],"wp:attachment":[{"href":"https:\/\/web.sanjuan.gob.ar\/ipeem\/index.php?rest_route=%2Fwp%2Fv2%2Fmedia&parent=211"}],"curies":[{"name":"wp","href":"https:\/\/api.w.org\/{rel}","templated":true}]}}

<style type="text/css" data-created_by="avia_inline_auto" id="style-css-av-kqci3vre-855d72b438a7c04ec314b68bd62b7fb5">
.avia-section.av-kqci3vre-855d72b438a7c04ec314b68bd62b7fb5 .av-parallax .av-parallax-inner{
background-repeat:no-repeat;
background-image:url(https://web.sanjuan.gob.ar/ipeem/wp-content/uploads/sites/13/2021/06/WEB-IPEEM-13-1-81.jpg);
background-position:50% 50%;
background-attachment:scroll;
}
</style>
<div id='av_section_1'  class='avia-section av-kqci3vre-855d72b438a7c04ec314b68bd62b7fb5 main_color avia-section-default avia-no-border-styling  avia-builder-el-0  el_before_av_one_half  avia-builder-el-first  av-parallax-section avia-bg-style-parallax av-minimum-height av-minimum-height-25 av-height-25  container_wrap sidebar_right'  data-section-bg-repeat='no-repeat' data-av_minimum_height_pc='25' data-av_min_height_opt='25'><div class='av-parallax' data-avia-parallax-ratio='0.3' ><div class='av-parallax-inner main_color avia-full-stretch'></div></div><div class='container av-section-cont-open' ><main  role="main" itemprop="mainContentOfPage"  class='template-page content  av-content-small alpha units'><div class='post-entry post-entry-type-page post-entry-211'><div class='entry-content-wrapper clearfix'>

<style type="text/css" data-created_by="avia_inline_auto" id="style-css-av-fniff-2087347507fa0d0c1e251c5ce6a64a72">
.flex_column.av-fniff-2087347507fa0d0c1e251c5ce6a64a72{
border-radius:15px 15px 15px 15px;
padding:20px 20px 20px 20px;
background:url(https://web.sanjuan.gob.ar/ipeem/wp-content/uploads/sites/13/2021/07/trans2.png) 0% 0% repeat scroll ;
}
</style>
<div  class='flex_column av-fniff-2087347507fa0d0c1e251c5ce6a64a72 av_one_third  avia-builder-el-1  avia-builder-el-no-sibling  first flex_column_div  '     ><p>
<style type="text/css" data-created_by="avia_inline_auto" id="style-css-av-b12wz-a470f487bc8994cdb425fc98ea0f2a27">
#top .av-special-heading.av-b12wz-a470f487bc8994cdb425fc98ea0f2a27{
padding-bottom:10px;
color:#ffffff;
}
body .av-special-heading.av-b12wz-a470f487bc8994cdb425fc98ea0f2a27 .av-special-heading-tag .heading-char{
font-size:25px;
}
.av-special-heading.av-b12wz-a470f487bc8994cdb425fc98ea0f2a27 .special-heading-inner-border{
border-color:#ffffff;
}
.av-special-heading.av-b12wz-a470f487bc8994cdb425fc98ea0f2a27 .av-subheading{
font-size:15px;
}
</style>
<div  class='av-special-heading av-b12wz-a470f487bc8994cdb425fc98ea0f2a27 av-special-heading-h4 custom-color-heading blockquote modern-quote  avia-builder-el-2  el_before_av_heading  avia-builder-el-first '><h4 class='av-special-heading-tag '  itemprop="headline"  >Área Minera</h4><div class="special-heading-border"><div class="special-heading-inner-border"></div></div></div><br />

<style type="text/css" data-created_by="avia_inline_auto" id="style-css-av-kqchyoo2-d2c5eb03824725858746abca2cdb2085">
#top .av-special-heading.av-kqchyoo2-d2c5eb03824725858746abca2cdb2085{
padding-bottom:10px;
color:#edae44;
}
body .av-special-heading.av-kqchyoo2-d2c5eb03824725858746abca2cdb2085 .av-special-heading-tag .heading-char{
font-size:25px;
}
.av-special-heading.av-kqchyoo2-d2c5eb03824725858746abca2cdb2085 .special-heading-inner-border{
border-color:#edae44;
}
.av-special-heading.av-kqchyoo2-d2c5eb03824725858746abca2cdb2085 .av-subheading{
font-size:15px;
}
</style>
<div  class='av-special-heading av-kqchyoo2-d2c5eb03824725858746abca2cdb2085 av-special-heading-h1 custom-color-heading blockquote modern-quote  avia-builder-el-3  el_after_av_heading  avia-builder-el-last '><h1 class='av-special-heading-tag '  itemprop="headline"  >VANESA I Y II</h1><div class='av_custom_color av-subheading av-subheading_below'><p>FORTESCUE S.A.U.</p>
</div><div class="special-heading-border"><div class="special-heading-inner-border"></div></div></div></p></div>
</div></div></main><!-- close content main element --></div></div><div id='after_section_1'  class='main_color av_default_container_wrap container_wrap sidebar_right'  ><div class='container av-section-cont-open' ><div class='template-page content  av-content-small alpha units'><div class='post-entry post-entry-type-page post-entry-211'><div class='entry-content-wrapper clearfix'>

<style type="text/css" data-created_by="avia_inline_auto" id="style-css-av-p6urn-1ada3c6b9dff99494f7b05737673277b">
.flex_column.av-p6urn-1ada3c6b9dff99494f7b05737673277b{
border-radius:0px 0px 0px 0px;
padding:0px 0px 0px 0px;
}
</style>
<div  class='flex_column av-p6urn-1ada3c6b9dff99494f7b05737673277b av_one_half  avia-builder-el-4  el_after_av_section  el_before_av_one_half  avia-builder-el-first  first flex_column_div av-zero-column-padding  '     ><section  class='av_textblock_section av-kqci4zth-520a6b65c51de6a9b0473e9c98fadbb3 '   itemscope="itemscope" itemtype="https://schema.org/CreativeWork" ><div class='avia_textblock'  itemprop="text" ><h3 style="text-align: left;">El proyecto Vanesa I y II se ubica en la alta cordillera de San Juan, en la margen occidental de la provincia geológica de Cordillera Frontal, en el departamento de Calingasta, cercano a Pachón, Amos-Andrés, Cerro Yunque y mina Los Pelambres (Chile). Se encuentra aproximadamente a 330 km de la cuidad de San Juan.</h3>
</div></section><br />
<section  class='av_textblock_section av-kqci60kj-a20cea51458998e119e922450df95fe3 '   itemscope="itemscope" itemtype="https://schema.org/CreativeWork" ><div class='avia_textblock'  itemprop="text" ><h5>El área fue explorada por Minera Anglo American S. A. (2011-2013) y actualmente por Argentina Fortescue S. A. U., a partir de 2019. En el área se han realizado mapeos geológicos de detalle y regional, geoquímica de superficie y 3.610 metros de perforación, distribuidos en 6 sondajes.<br />
Vanesa I y II corresponde a un depósito tipo pórfido de Cu-Mo +/- Au, hospedado en secuencias volcánicas triásicas, intruidas por<br />
cuerpos subvolcánicos de carácter pre-mineral, intermineral y post-mineral, asignados al Mioceno, emplazados en un tren estructural<br />
noroeste.</h5>
</div></section><br />
<section  class='av_textblock_section av-m4tyywxg-7aa1d3b7fc40f208fece98a75cfdada2 '   itemscope="itemscope" itemtype="https://schema.org/CreativeWork" ><div class='avia_textblock'  itemprop="text" ><p><strong>English Version</strong></p>
<p><span style="color: #993300;"><em>The Vanesa I and II project is located in the high mountains of San Juan, on the western margin of the geological province of Cordillera Frontal, in the department of Calingasta, near Pachón, Amos-Andrés, Cerro Yunque, and Los Pelambres mine (Chile). It is approximately 330 km from the city of San Juan. </em></span></p>
<p><span style="color: #993300;"><em>The area was explored by Minera Anglo American S.A. (2011-2013) and since 2019, by Argentina Fortescue S.A.U. Regional and detailed  geological mapping, surface geochemistry and 3,610 meters of drilling distributed in 6 drill holes, have been carried out in the area. </em></span></p>
<p><span style="color: #993300;"><em>Vanesa I and II corresponds to a Cu-Mo +/- Au porphyry-type deposit, hosted in Triassic volcanic sequences, intruded by pre-mineral, inter-mineral, and post-mineral subvolcanic bodies assigned to the Miocene and emplaced in a northwest structural trend.</em></span></p>
</div></section></p></div>
<style type="text/css" data-created_by="avia_inline_auto" id="style-css-av-ka1sr-af4beade5a5c7bedd196ffda02648e65">
.flex_column.av-ka1sr-af4beade5a5c7bedd196ffda02648e65{
border-radius:0px 0px 0px 0px;
padding:0px 0px 0px 0px;
}
</style>
<div  class='flex_column av-ka1sr-af4beade5a5c7bedd196ffda02648e65 av_one_half  avia-builder-el-8  el_after_av_one_half  avia-builder-el-last  flex_column_div av-zero-column-padding  '     ><p>
<style type="text/css" data-created_by="avia_inline_auto" id="style-css-av-1lx1f-c2d3579f9fc564eaa3f95fc5cc2b4d16">
.avia-image-container.av-1lx1f-c2d3579f9fc564eaa3f95fc5cc2b4d16 img.avia_image{
box-shadow:none;
}
.avia-image-container.av-1lx1f-c2d3579f9fc564eaa3f95fc5cc2b4d16 .av-image-caption-overlay-center{
color:#ffffff;
}
</style>
<div  class='avia-image-container av-1lx1f-c2d3579f9fc564eaa3f95fc5cc2b4d16 av-styling- avia-align-center  avia-builder-el-9  el_before_av_image  avia-builder-el-first '   itemprop="image" itemscope="itemscope" itemtype="https://schema.org/ImageObject" ><div class="avia-image-container-inner"><div class="avia-image-overlay-wrap"><img decoding="async" fetchpriority="high" class='wp-image-281 avia-img-lazy-loading-not-281 avia_image ' src="https://web.sanjuan.gob.ar/ipeem/wp-content/uploads/sites/13/2021/06/vanesa_I_II_1.jpg" alt='' title='vanesa_I_II_1'  height="570" width="851"  itemprop="thumbnailUrl" srcset="https://web.sanjuan.gob.ar/ipeem/wp-content/uploads/sites/13/2021/06/vanesa_I_II_1.jpg 851w, https://web.sanjuan.gob.ar/ipeem/wp-content/uploads/sites/13/2021/06/vanesa_I_II_1-300x201.jpg 300w, https://web.sanjuan.gob.ar/ipeem/wp-content/uploads/sites/13/2021/06/vanesa_I_II_1-768x514.jpg 768w, https://web.sanjuan.gob.ar/ipeem/wp-content/uploads/sites/13/2021/06/vanesa_I_II_1-705x472.jpg 705w" sizes="(max-width: 851px) 100vw, 851px" /></div></div></div><br />

<style type="text/css" data-created_by="avia_inline_auto" id="style-css-av-8fpsz-a1f40eead06d2e7d86213b81671be4c9">
.avia-image-container.av-8fpsz-a1f40eead06d2e7d86213b81671be4c9 img.avia_image{
box-shadow:none;
}
.avia-image-container.av-8fpsz-a1f40eead06d2e7d86213b81671be4c9 .av-image-caption-overlay-center{
color:#ffffff;
}
</style>
<div  class='avia-image-container av-8fpsz-a1f40eead06d2e7d86213b81671be4c9 av-styling- avia-align-center  avia-builder-el-10  el_after_av_image  avia-builder-el-last '   itemprop="image" itemscope="itemscope" itemtype="https://schema.org/ImageObject" ><div class="avia-image-container-inner"><div class="avia-image-overlay-wrap"><img decoding="async" fetchpriority="high" class='wp-image-282 avia-img-lazy-loading-not-282 avia_image ' src="https://web.sanjuan.gob.ar/ipeem/wp-content/uploads/sites/13/2021/06/vanesa_I_II_2.jpg" alt='' title='vanesa_I_II_2'  height="544" width="960"  itemprop="thumbnailUrl" srcset="https://web.sanjuan.gob.ar/ipeem/wp-content/uploads/sites/13/2021/06/vanesa_I_II_2.jpg 960w, https://web.sanjuan.gob.ar/ipeem/wp-content/uploads/sites/13/2021/06/vanesa_I_II_2-300x170.jpg 300w, https://web.sanjuan.gob.ar/ipeem/wp-content/uploads/sites/13/2021/06/vanesa_I_II_2-768x435.jpg 768w, https://web.sanjuan.gob.ar/ipeem/wp-content/uploads/sites/13/2021/06/vanesa_I_II_2-705x400.jpg 705w" sizes="(max-width: 960px) 100vw, 960px" /></div></div></div></p></div></p>
